{"id":2,"date":"2015-09-07T02:36:43","date_gmt":"2015-09-07T02:36:43","guid":{"rendered":"http:\/\/www.sctc.org.ve\/2016\/?page_id=2"},"modified":"2020-06-08T17:37:12","modified_gmt":"2020-06-08T17:37:12","slug":"inicio","status":"publish","type":"page","link":"https:\/\/sctc.org.ve\/2016\/","title":{"rendered":"Inicio"},"content":{"rendered":"<p><!-- Comentado por Eric\n<font color=\"WHITE\"><marquee direction=\"left\" size=\"10\" face=\"Trebuchet MS\" style=\"background:#E62020\">Extension del llamado a articulos para el SCTC 2016 hasta el domingo 06 de marzo de 2016<\/marquee><\/font>\n--><\/p>\n<p><span style=\"display: block; font-size: 20px; padding: 10px; margin-left: 0; -webkit-border-radius: 4px; border-radius: 4px; color: white; text-shadow: 0 -1px 0 rgba(0, 0, 0, 0.25); background-color: #22b04b; background-image: -moz-linear-gradient(top, #22b04b, #22b04b);\">SCTC 2016<\/span><\/p>\n<p>El SCTC 2016 es el cuarto Simposio Cient\u00edfico y Tecnol\u00f3gico en Computaci\u00f3n. Es un evento que se realizar\u00e1 en la <a href=\"http:\/\/computacion.ciens.ucv.ve\" target=\"_blank\" rel=\"noopener noreferrer\">Escuela de Computaci\u00f3n<\/a> de la <a href=\"http:\/\/www.ucv.ve\" target=\"_blank\" rel=\"noopener noreferrer\">Universidad Central de Venezuela<\/a>, del 9 al 11 de mayo de 2016. El SCTC es un evento bienal cuya finalidad es consolidar el intercambio sobre experiencias investigativas, acad\u00e9micas y tecnol\u00f3gicas, para crear lazos estrechos de cooperaci\u00f3n a nivel nacional e internacional. Este evento se llevar\u00e1 a cabo en el marco de las <a href=\"http:\/\/www.coordinv.ciens.ucv.ve\/jornadas\" target=\"_blank\" rel=\"noopener noreferrer\">Jornadas de Investigaci\u00f3n y Extensi\u00f3n 2016<\/a>, de la Facultad de Ciencias de la misma Universidad.<\/p>\n<p>Adem\u00e1s de las tradicionales ponencias de <a href=\"http:\/\/www.sctc.org.ve\/2016\/ponencias\">trabajos de investigaci\u00f3n<\/a>, el SCTC 2016 ofrecer\u00e1 <a href=\"http:\/\/www.sctc.org.ve\/2016\/conferencistas\">conferencias plenarias<\/a>, <a href=\"http:\/\/www.sctc.org.ve\/2016\/info-talleres-y-tutoriales\">talleres y tutoriales<\/a>, y una feria del empleo, entre otros.<\/p>\n<p>Fiel a la filosof\u00eda que ha animado el SCTC desde hace varios a\u00f1os, todas las actividades relacionadas con el SCTC 2016 son ofrecidas sin costo para el p\u00fablico, ya que para los organizadores del SCTC, es primordial que la transferencia del conocimiento sea libre y se haga sin costo. Eso es, no hay costo para los autores de contribuciones aceptada, no hay costo para el p\u00fablico que asistir\u00e1 a la feria del trabajo, no hay costo para los asistentes a las ponencias, a las conferencias plenarias, y a los talleres y tutoriales. <b>Bienvenidos a todos al SCTC 2016<\/b>.<br \/>\n&nbsp;<br \/>\n&nbsp;<\/p>\n<p><span style=\"display: block; font-size: 20px; padding: 10px; margin-left: 0; -webkit-border-radius: 4px; border-radius: 4px; color: white; text-shadow: 0 -1px 0 rgba(0, 0, 0, 0.25); background-color: #22b04b; background-image: -moz-linear-gradient(top, #22b04b, #22b04b);\">Patrocinadores<\/span><\/p>\n<p>La Escuela de Computaci\u00f3n de la UCV est\u00e1 en la b\u00fasqueda de patrocinadores para la realizaci\u00f3n del IV Simposio Cient\u00edfico y Tecnol\u00f3gico en Computaci\u00f3n (SCTC 2016). Para mayor informaci\u00f3n, haga clic <a href=\"http:\/\/www.sctc.org.ve\/2016\/patrocinadores\">aqu\u00ed<\/a>.<\/p>\n<p><img decoding=\"async\" style=\"border: none; background-color: #ffffff; display: block; margin-left: auto; margin-right: auto;\" src=\"http:\/\/www.sctc.org.ve\/2016\/wp-content\/uploads\/sites\/2\/2016\/05\/logos-patrocinadores-v1.5.png\" alt=\"\" width=\"600\"><\/p>\n","protected":false},"excerpt":{"rendered":"<\/p>\n<p>SCTC 2016<\/p>\n<p>El SCTC 2016 es el cuarto Simposio Cient\u00edfico y Tecnol\u00f3gico en Computaci\u00f3n. Es un evento que se realizar\u00e1 en la Escuela de Computaci\u00f3n de la Universidad Central de Venezuela, del 9 al 11 de mayo de 2016. El SCTC es un evento bienal cuya finalidad es consolidar el intercambio sobre experiencias investigativas, [&#8230;]<\/p>\n","protected":false},"author":1,"featured_media":0,"parent":0,"menu_order":0,"comment_status":"open","ping_status":"open","template":"","meta":{"footnotes":""},"class_list":["post-2","page","type-page","status-publish","hentry","odd"],"_links":{"self":[{"href":"https:\/\/sctc.org.ve\/2016\/wp-json\/wp\/v2\/pages\/2","targetHints":{"allow":["GET"]}}],"collection":[{"href":"https:\/\/sctc.org.ve\/2016\/wp-json\/wp\/v2\/pages"}],"about":[{"href":"https:\/\/sctc.org.ve\/2016\/wp-json\/wp\/v2\/types\/page"}],"author":[{"embeddable":true,"href":"https:\/\/sctc.org.ve\/2016\/wp-json\/wp\/v2\/users\/1"}],"replies":[{"embeddable":true,"href":"https:\/\/sctc.org.ve\/2016\/wp-json\/wp\/v2\/comments?post=2"}],"version-history":[{"count":51,"href":"https:\/\/sctc.org.ve\/2016\/wp-json\/wp\/v2\/pages\/2\/revisions"}],"predecessor-version":[{"id":698,"href":"https:\/\/sctc.org.ve\/2016\/wp-json\/wp\/v2\/pages\/2\/revisions\/698"}],"wp:attachment":[{"href":"https:\/\/sctc.org.ve\/2016\/wp-json\/wp\/v2\/media?parent=2"}],"curies":[{"name":"wp","href":"https:\/\/api.w.org\/{rel}","templated":true}]}}