{"id":31,"date":"2015-09-14T21:05:35","date_gmt":"2015-09-14T21:05:35","guid":{"rendered":"http:\/\/www.sctc.org.ve\/2016\/?page_id=31"},"modified":"2024-03-20T03:21:42","modified_gmt":"2024-03-20T03:21:42","slug":"llamado-a-articulos","status":"publish","type":"page","link":"https:\/\/sctc.org.ve\/2016\/llamado-a-articulos\/","title":{"rendered":"Llamado a Art\u00edculos"},"content":{"rendered":"<p><span style=\"display: block; font-size: 20px; padding: 10px; margin-left: 0; -webkit-border-radius: 4px; border-radius: 4px; color: white; text-shadow: 0 -1px 0 rgba(0, 0, 0, 0.25); background-color: #22b04b; background-image: -moz-linear-gradient(top, #22b04b, #22b04b);\">Llamado a Art\u00edculos<\/span><\/p>\n<h4>Objetivo del SCTC 2016<\/h4>\n<p>El objetivo del SCTC 2016 es reunir a todos los investigadores en Computaci\u00f3n y \u00e1reas afines, para permitir el intercambio de ideas, experiencias y conocimiento. El SCTC 2016 busca crear las bases para la colaboraci\u00f3n futura y la creaci\u00f3n de redes de conocimiento en computaci\u00f3n y \u00e1reas afines que permitan expandirse al \u00e1mbito nacional, latinoamericano, iberoamericano e internacional. El SCTC 2016 ser\u00e1 sede para las discusiones de futuras l\u00edneas de investigaci\u00f3n y desarrollo que contribuyan al fortalecimiento cient\u00edfico y social de nuestro pa\u00eds.<\/p>\n<h4>T\u00f3picos de Inter\u00e9s<\/h4>\n<p>Los t\u00f3picos de mayor inter\u00e9s del SCTC 2016 est\u00e1n especificados a continuaci\u00f3n. Es de aclarar que no es una lista exhaustiva.<\/p>\n<ul>\n<li style=\"margin-bottom: 0px; margin-top: -10px; margin-left: 5px;\">Matem\u00e1ticas de la Computaci\u00f3n<\/li>\n<li style=\"margin-bottom: 0px; margin-left: 5px;\">Computaci\u00f3n Gr\u00e1fica<\/li>\n<li style=\"margin-bottom: 0px; margin-left: 5px;\">Redes de Comunicaci\u00f3n<\/li>\n<li style=\"margin-bottom: 0px; margin-left: 5px;\">Tecnolog\u00edas Educativas<\/li>\n<li style=\"margin-bottom: 0px; margin-left: 5px;\">Computaci\u00f3n Paralela y Distribuida<\/li>\n<li style=\"margin-bottom: 0px; margin-left: 5px;\">Ingenier\u00eda de Software<\/li>\n<li style=\"margin-bottom: 0px; margin-left: 5px;\">Interacci\u00f3n Humano Computador<\/li>\n<li style=\"margin-bottom: 0px; margin-left: 5px;\">Sistemas de Informaci\u00f3n<\/li>\n<li style=\"margin-bottom: 0px; margin-left: 5px;\">Rob\u00f3tica<\/li>\n<li style=\"margin-bottom: 0px; margin-left: 5px;\">Tecnolog\u00edas de Informaci\u00f3n<\/li>\n<li style=\"margin-bottom: 0px; margin-left: 5px;\">Software como un Servicio<\/li>\n<li style=\"margin-bottom: 0px; margin-left: 5px;\">Inteligencia Artificial<\/li>\n<li style=\"margin-bottom: 0px; margin-left: 5px;\">Aplicaciones Web, M\u00e9dicas, Sociales, etc.<\/li>\n<li style=\"margin-bottom: 0px; margin-left: 5px;\">Gobierno Electr\u00f3nico<\/li>\n<\/ul>\n<h4>Informaci\u00f3n para el Env\u00edo de Trabajos<\/h4>\n<p>Los trabajos deben ser escritos en castellano o ingl\u00e9s y deben ser enviados en PDF a trav\u00e9s de <a href=\"https:\/\/www.easychair.org\/conferences\/?conf=sctc2016\" target=\"_blank\" rel=\"noopener\">EasyChair<\/a>. Si su trabajo est\u00e1 escrito en espa\u00f1ol, debe llenar en espa\u00f1ol los campos &#8220;Title&#8221;, &#8220;Abstract&#8221; y &#8220;Keywords&#8221; de Easychair. Si su trabajo est\u00e1 escrito en ingl\u00e9s, debe llenar en ingl\u00e9s los campos &#8220;Title&#8221;, &#8220;Abstract&#8221; y &#8220;Keywords&#8221; de Easychair. Los trabajos postulados deben respetar el formato establecido por el SCTC (ver plantillas m\u00e1s abajo). Tambi\u00e9n, se debe tomar en cuenta lo siguiente:<\/p>\n<ul>\n<li>Las contribuciones deben tener un m\u00ednimo de 6 p\u00e1ginas y un m\u00e1ximo de 14 p\u00e1ginas tama\u00f1o carta (8.5&#8221; x 11&#8221;), en doble columna, sin numeraci\u00f3n de p\u00e1ginas.<\/li>\n<li>Si el trabajo est\u00e1 escrito en espa\u00f1ol, en la parte inicial debe constar de 4 secciones en el siguiente orden: (1) Resumen, (2) Palabras Clave, (3) Abstract y (4) Keywords. Si el trabajo est\u00e1 escrito en ingl\u00e9s, en la parte inicial debe constar de 2 secciones en el siguiente orden: (1) Abstract y (2) Keywords.<\/li>\n<li>El manuscrito debe tener un \u00fanico t\u00edtulo, en el idioma escogido. Si el trabajo est\u00e1 escrito en espa\u00f1ol, el t\u00edtulo estar\u00e1 en espa\u00f1ol. Si el trabajo est\u00e1 escrito en ingl\u00e9s, el t\u00edtulo estar\u00e1 en ingl\u00e9s. En ning\u00fan caso, se necesitan dos t\u00edtulos (espa\u00f1ol e ingl\u00e9s).<\/li>\n<li>Las referencias bibliogr\u00e1ficas deber\u00edan estar citadas expl\u00edcitamente en el trabajo. Cada cita es un n\u00famero entre corchetes ([1], [2], [3], etc), apareciendo de forma ascendente, secuencialmente en el texto, y que remita a la correspondiente referencia. Para mayor detalles sobre el formato y el tipo de referencias, consultar las plantillas.<\/li>\n<li>Como el proceso de evaluaci\u00f3n de los trabajos se hace a ciegas, los trabajos (archivos PDF) subidos en <a href=\"https:\/\/www.easychair.org\/conferences\/?conf=sctc2016\" target=\"_blank\" rel=\"noopener\">EasyChair<\/a> no deben tener datos que permitan identificar los autores. Por ende, los autores deben eliminar de las contribuciones a ser evaluadas informaci\u00f3n como: nombres, apellidos, emails, afiliaciones, enlaces a p\u00e1ginas web donde aparecen los datos de los autores, agradecimientos que pudieran llevar a inferir los autores, etc. Eso es, el trabajo enviado a evaluaci\u00f3n debe iniciar por el t\u00edtulo de la contribuci\u00f3n, el resumen, y la lista de palabras clave. En caso que el trabajo sea aceptado para ser publicado en las memorias y la p\u00e1gina web del SCTC, la publicaci\u00f3n final (camera ready) s\u00ed tendr\u00e1 estos datos.\n<li>Los t\u00edtulos de las figuras deben ser centrados por debajo de \u00e9stas. La numeraci\u00f3n de las figuras se hace con n\u00fameros ar\u00e1bicos (Figura 1, Figura 2, Figura 3, etc). En las citaciones de las figuras y en los t\u00edtulos de las figuras, la &#8220;F&#8221; de &#8220;Figura&#8221; se debe escribir en may\u00fasculas.<\/li>\n<li>Los t\u00edtulos de las tablas deben ser centrados por encima de \u00e9stas. La numeraci\u00f3n de las tablas se hace con n\u00fameros romanos (Tabla I, Tabla II, Tabla III, etc). En las citaciones de las tablas y en los t\u00edtulos de las tablas, la &#8220;T&#8221; de &#8220;Tabla&#8221; se debe escribir en may\u00fasculas.<\/li>\n<li>Las figuras de los trabajos deben ser de alta calidad, de tal forma que no se vean pixeladas. El texto dentro de las figuras debe ser suficientemente grande para que se pueda leer facilmente. No se debe encerrar las figuras en un recuadro. Al producir el PDF de su contribuci\u00f3n, es importante configurar las opciones de su software para que las figuras sean generadas con una resoluci\u00f3n de al menos 600 DPI.<\/li>\n<li>Los t\u00edtulos de las figuras y de las tablas deben ser cortos. Es decir que no se debe hacer la descripci\u00f3n de las figuras y de las tablas dentro de los t\u00edtulos de estas; Para eso est\u00e1 el texto de la contribuci\u00f3n. En el caso que la figura o la tabla no sea propia, la citaci\u00f3n de la fuente de esta se debe hacer en el texto del trabajo, no en su t\u00edtulo.<\/li>\n<li>En caso que un trabajo incluya material con copyright, es necesario que los autores obtengan la autorizaci\u00f3n por escrito de los due\u00f1os antes de someter la contribuci\u00f3n a evaluaci\u00f3n al SCTC.<\/li>\n<\/ul>\n<p>Aquellos autores que hagan m\u00faltiples env\u00edos deben asegurarse que cada trabajo tenga suficiente contenido original. Las contribuciones enviadas al SCTC 2016 ser\u00e1n evaluadas por especialistas de reconocida trayectoria cient\u00edfica y profesional. Los trabajos que no tengan el n\u00famero m\u00ednimo de p\u00e1ginas (6 p\u00e1ginas) o que sobrepasen el n\u00famero m\u00e1ximo de p\u00e1ginas (14 p\u00e1ginas) ser\u00e1n rechazados sin revisar.<\/p>\n<p>Los trabajos aceptados ser\u00e1n publicados en las memorias del simposio y en la p\u00e1gina web del SCTC.<\/p>\n<p>El programa final, las memorias y la p\u00e1gina web del SCTC s\u00f3lo incluir\u00e1n los trabajos con al menos un autor inscrito en la categor\u00eda AUTOR en el simposio antes de la fecha l\u00edmite para el env\u00edo de la versi\u00f3n final.<\/p>\n<p>En caso que a\u00fan no tenga cuenta en EasyChair, la puede crear a trav\u00e9s de este <a href=\"https:\/\/www.easychair.org\/account\/signup.cgi\" target=\"_blank\" rel=\"noopener\">enlace<\/a>.<\/p>\n<p><strong>Nota<\/strong>: Si Usted tiene problemas para cargar sus trabajos en EasyChair, por favor contactar a <a href=\"mailto: sctc2016@easychair.org\">sctc2016@easychair.org<\/a>.<br \/>\n&nbsp;<br \/>\n&nbsp;<\/p>\n<p><span style=\"display: block; font-size: 20px; padding: 10px; margin-left: 0; -webkit-border-radius: 4px; border-radius: 4px; color: white; text-shadow: 0 -1px 0 rgba(0, 0, 0, 0.25); background-color: #22b04b; background-image: -moz-linear-gradient(top, #22b04b, #22b04b);\">SCTC &#8211; Plantillas<\/span><\/p>\n<table style=\"margin: 0px auto; width: 100%;\" border=\"0\">\n<tbody>\n<tr style=\"height: 30px;\">\n<td>Microsoft Word<\/td>\n<td style=\"text-align: right;\"><a href=\"http:\/\/www.sctc.org.ve\/2016\/wp-content\/uploads\/sites\/2\/2016\/04\/template-SCTC-v2.1-word.docx\" target=\"_blank\" rel=\"noopener\">Archivo DOCX<\/a><\/td>\n<\/tr>\n<tr style=\"height: 30px;\">\n<td>Microsoft Word<\/td>\n<td style=\"text-align: right;\"><strong> <strong><\/strong><\/strong><a href=\"http:\/\/www.sctc.org.ve\/2016\/wp-content\/uploads\/sites\/2\/2016\/04\/template-SCTC-v2.1-word.pdf\" target=\"_blank\" rel=\"noopener\">Archivo PDF<\/a><\/td>\n<\/tr>\n<tr style=\"height: 30px;\">\n<td>LaTeX<\/td>\n<td style=\"text-align: right;\"><a href=\"http:\/\/www.sctc.org.ve\/2016\/wp-content\/uploads\/sites\/2\/2016\/04\/template-SCTC-v2.1-LaTeX.zip\" target=\"_blank\" rel=\"noopener\">Archivo ZIP<\/a><\/td>\n<\/tr>\n<tr style=\"height: 30px;\">\n<td>LaTeX<\/td>\n<td style=\"text-align: right;\"><a href=\"http:\/\/www.sctc.org.ve\/2016\/wp-content\/uploads\/sites\/2\/2016\/04\/template-SCTC-v2.1-LaTeX.pdf\" target=\"_blank\" rel=\"noopener\">Archivo PDF<\/a><\/td>\n<\/tr>\n<\/tbody>\n<\/table>\n<p>&nbsp;<br \/>\n&nbsp;<\/p>\n<p><!-- Commented by Eric\n<span style=\"display: block; font-size: 20px; padding: 10px; margin-left: 0; -webkit-border-radius: 4px; border-radius: 4px; color: white; text-shadow: 0 -1px 0 rgba(0, 0, 0, 0.25); background-color: #22b04b; background-image: -moz-linear-gradient(top, #22b04b, #22b04b);\">Primer Llamado a Art\u00edculos (Versi\u00f3n PDF)<\/span>\n\nEl llamado a art\u00edculos vence el domingo 31 de enero de 2016. Pueden descargar la versi\u00f3n PDF del primer llamado a art\u00edculo en el siguiente <a href=\"http:\/\/www.sctc.org.ve\/2016\/wp-content\/uploads\/sites\/2\/2015\/11\/PrimerLlamado-SCTC2016.pdf\" target=\"_blank\" rel=\"noopener\">enlace<\/a>.\n&nbsp;\n&nbsp;\n\n<span style=\"display: block; font-size: 20px; padding: 10px; margin-left: 0; -webkit-border-radius: 4px; border-radius: 4px; color: white; text-shadow: 0 -1px 0 rgba(0, 0, 0, 0.25); background-color: #22b04b; background-image: -moz-linear-gradient(top, #22b04b, #22b04b);\">Segundo Llamado a Art\u00edculos (Versi\u00f3n PDF)<\/span>\n\nEl llamado a art\u00edculos ha sido extendido hasta el lunes 15 de febrero de 2016. Pueden descargar la versi\u00f3n PDF del segundo llamado a art\u00edculo en el siguiente <a href=\"http:\/\/www.sctc.org.ve\/2016\/wp-content\/uploads\/sites\/2\/2016\/01\/SegundoLlamado-SCTC2016.pdf\" target=\"_blank\" rel=\"noopener\">enlace<\/a>.\n&nbsp;\n&nbsp;\n    Commented by Eric --><\/p>\n<p><span style=\"display: block; font-size: 20px; padding: 10px; margin-left: 0; -webkit-border-radius: 4px; border-radius: 4px; color: white; text-shadow: 0 -1px 0 rgba(0, 0, 0, 0.25); background-color: #22b04b; background-image: -moz-linear-gradient(top, #22b04b, #22b04b);\">Tercer y \u00daltimo Llamado a Art\u00edculos (Versi\u00f3n PDF)<\/span><\/p>\n<p>El llamado a art\u00edculos ha sido extendido hasta el domingo 06 de marzo de 2016. Pueden descargar la versi\u00f3n PDF del tercer llamado a art\u00edculo en el siguiente <a href=\"http:\/\/www.sctc.org.ve\/2016\/wp-content\/uploads\/sites\/2\/2016\/02\/TercerLlamado-SCTC2016.pdf\" target=\"_blank\" rel=\"noopener\">enlace<\/a>.<\/p>\n","protected":false},"excerpt":{"rendered":"<p>Llamado a Art\u00edculos<\/p>\n<p> Objetivo del SCTC 2016 <\/p>\n<p>El objetivo del SCTC 2016 es reunir a todos los investigadores en Computaci\u00f3n y \u00e1reas afines, para permitir el intercambio de ideas, experiencias y conocimiento. El SCTC 2016 busca crear las bases para la colaboraci\u00f3n futura y la creaci\u00f3n de redes de conocimiento en computaci\u00f3n y \u00e1reas afines [&#8230;]<\/p>\n","protected":false},"author":1,"featured_media":0,"parent":0,"menu_order":0,"comment_status":"closed","ping_status":"closed","template":"","meta":{"footnotes":""},"class_list":["post-31","page","type-page","status-publish","hentry","odd"],"_links":{"self":[{"href":"https:\/\/sctc.org.ve\/2016\/wp-json\/wp\/v2\/pages\/31","targetHints":{"allow":["GET"]}}],"collection":[{"href":"https:\/\/sctc.org.ve\/2016\/wp-json\/wp\/v2\/pages"}],"about":[{"href":"https:\/\/sctc.org.ve\/2016\/wp-json\/wp\/v2\/types\/page"}],"author":[{"embeddable":true,"href":"https:\/\/sctc.org.ve\/2016\/wp-json\/wp\/v2\/users\/1"}],"replies":[{"embeddable":true,"href":"https:\/\/sctc.org.ve\/2016\/wp-json\/wp\/v2\/comments?post=31"}],"version-history":[{"count":62,"href":"https:\/\/sctc.org.ve\/2016\/wp-json\/wp\/v2\/pages\/31\/revisions"}],"predecessor-version":[{"id":706,"href":"https:\/\/sctc.org.ve\/2016\/wp-json\/wp\/v2\/pages\/31\/revisions\/706"}],"wp:attachment":[{"href":"https:\/\/sctc.org.ve\/2016\/wp-json\/wp\/v2\/media?parent=31"}],"curies":[{"name":"wp","href":"https:\/\/api.w.org\/{rel}","templated":true}]}}