{"id":62,"date":"2015-09-20T23:28:48","date_gmt":"2015-09-20T23:28:48","guid":{"rendered":"http:\/\/www.sctc.org.ve\/2016\/?page_id=62"},"modified":"2016-04-08T02:18:05","modified_gmt":"2016-04-08T02:18:05","slug":"fechas-importantes","status":"publish","type":"page","link":"https:\/\/sctc.org.ve\/2016\/fechas-importantes\/","title":{"rendered":"Fechas Importantes"},"content":{"rendered":"<p><span style=\"display: block; font-size: 20px; padding: 10px; margin-left: 0; -webkit-border-radius: 4px; border-radius: 4px; color: white; text-shadow: 0 -1px 0 rgba(0, 0, 0, 0.25); background-color: #22b04b; background-image: -moz-linear-gradient(top, #22b04b, #22b04b);\">Fechas Importantes<\/span><br \/>\n&nbsp;<\/p>\n<table style=\"margin: 0px auto; width: 100%;\" border=\"0\">\n<tbody>\n<tr>\n<td>Fecha del evento:<\/td>\n<td style=\"text-align: right;\"><strong>09 al 11 de mayo 2016<\/strong><\/td>\n<\/tr>\n<td>Fecha l\u00edmite para env\u00edo de trabajos:<\/td>\n<td style=\"text-align: right;\"><strong><span style=\"color: #ff0000;\"><del>31 de enero de 2016<\/del><\/span><\/strong><\/td>\n<\/tr>\n<tr>\n<td>Fecha extendida para env\u00edo de trabajos:<\/td>\n<td style=\"text-align: right;\"><strong>06 de marzo de 2016<\/strong><\/td>\n<\/tr>\n<tr>\n<td>Notificaci\u00f3n de decisi\u00f3n:<\/td>\n<td style=\"text-align: right;\"><strong><span style=\"color: #ff0000;\"><del>28 de febrero de 2016<\/del><\/span><\/strong><\/td>\n<\/tr>\n<tr>\n<td>Nueva fecha notificaci\u00f3n de decisi\u00f3n:<\/td>\n<td style=\"text-align: right;\"><strong>09 de abril de 2016<\/strong><\/td>\n<\/tr>\n<tr>\n<td>Fecha l\u00edmite para versi\u00f3n final del trabajo:<\/td>\n<td style=\"text-align: right;\"><strong><span style=\"color: #ff0000;\"><del>09 de marzo de 2016<\/strong><\/del><\/span><\/td>\n<\/tr>\n<tr>\n<td>Nueva fecha l\u00edmite para versi\u00f3n final del trabajo:<\/td>\n<td style=\"text-align: right;\"><strong>22 de abril de 2016<\/strong><\/td>\n<\/tr>\n<\/tbody>\n<\/table>\n","protected":false},"excerpt":{"rendered":"<p>Fechas Importantes &nbsp;<\/p>\n<p> Fecha del evento: 09 al 11 de mayo 2016 Fecha l\u00edmite para env\u00edo de trabajos: 31 de enero de 2016 Fecha extendida para env\u00edo de trabajos: 06 de marzo de 2016 Notificaci\u00f3n de decisi\u00f3n: 28 de febrero de 2016 Nueva fecha notificaci\u00f3n de decisi\u00f3n: 09 de abril de 2016 Fecha l\u00edmite para [&#8230;]<\/p>\n","protected":false},"author":1,"featured_media":0,"parent":0,"menu_order":0,"comment_status":"closed","ping_status":"closed","template":"","meta":{"footnotes":""},"class_list":["post-62","page","type-page","status-publish","hentry","odd"],"_links":{"self":[{"href":"https:\/\/sctc.org.ve\/2016\/wp-json\/wp\/v2\/pages\/62","targetHints":{"allow":["GET"]}}],"collection":[{"href":"https:\/\/sctc.org.ve\/2016\/wp-json\/wp\/v2\/pages"}],"about":[{"href":"https:\/\/sctc.org.ve\/2016\/wp-json\/wp\/v2\/types\/page"}],"author":[{"embeddable":true,"href":"https:\/\/sctc.org.ve\/2016\/wp-json\/wp\/v2\/users\/1"}],"replies":[{"embeddable":true,"href":"https:\/\/sctc.org.ve\/2016\/wp-json\/wp\/v2\/comments?post=62"}],"version-history":[{"count":19,"href":"https:\/\/sctc.org.ve\/2016\/wp-json\/wp\/v2\/pages\/62\/revisions"}],"predecessor-version":[{"id":400,"href":"https:\/\/sctc.org.ve\/2016\/wp-json\/wp\/v2\/pages\/62\/revisions\/400"}],"wp:attachment":[{"href":"https:\/\/sctc.org.ve\/2016\/wp-json\/wp\/v2\/media?parent=62"}],"curies":[{"name":"wp","href":"https:\/\/api.w.org\/{rel}","templated":true}]}}