{"id":650,"date":"2016-05-05T20:47:46","date_gmt":"2016-05-05T20:47:46","guid":{"rendered":"http:\/\/www.sctc.org.ve\/2016\/?page_id=650"},"modified":"2016-05-10T13:11:42","modified_gmt":"2016-05-10T13:11:42","slug":"feria-del-empleo","status":"publish","type":"page","link":"https:\/\/sctc.org.ve\/2016\/feria-del-empleo\/","title":{"rendered":"Feria del Empleo"},"content":{"rendered":"<p><span style=\"display: block; font-size: 20px; padding: 10px; margin-left: 0; -webkit-border-radius: 4px; border-radius: 4px; color: white; text-shadow: 0 -1px 0 rgba(0, 0, 0, 0.25); background-color: #22b04b; background-image: -moz-linear-gradient(top, #22b04b, #22b04b);\">Informaci\u00f3n Feria del Empleo<\/span><\/p>\n<p>El objetivo de la Feria del Empleo es poner en contacto talentos en computaci\u00f3n con empresas en b\u00fasqueda de servicios o de personal en el \u00e1rea. La feria tendr\u00e1 lugar en los espacios de la Escuela de Computaci\u00f3n, el d\u00eda <strong>martes 10 de mayo de 2016<\/strong> de <strong>02:00 a 06:00 PM<\/strong>. Como cualquier otra actividad relacionada con el SCTC 2016, la Feria del Empleo no tiene ning\u00fan costo para los participantes. Est\u00e1n todos bienvenidos.<br \/>\n&nbsp;<br \/>\n&nbsp;<\/p>\n<p><span style=\"display: block; font-size: 20px; padding: 10px; margin-left: 0; -webkit-border-radius: 4px; border-radius: 4px; color: white; text-shadow: 0 -1px 0 rgba(0, 0, 0, 0.25); background-color: #22b04b; background-image: -moz-linear-gradient(top, #22b04b, #22b04b);\">Presentaciones Feria del Empleo<\/span><\/p>\n<p>A continuaci\u00f3n, encontrar\u00e1n el programa de presentaciones de nuestros patrocinadores dentro del marco de la Feria del Empleo. Cada empresa\/organizaci\u00f3n contar\u00e1 con 10 minutos de presentaci\u00f3n, seguida por una sesi\u00f3n de preguntas de 5 minutos. Note que este programa est\u00e1 a\u00fan sujeto a cambios.<br \/>\n&nbsp;<\/p>\n<table style=\"margin: 0px auto; width: 100%;\" border=\"0\">\n<tbody>\n<tr style=\"height: 30px;\">\n<td style=\"text-align: center; width: 20%;\"><strong>Hora<\/strong><\/td>\n<td style=\"text-align: center; width: 50%;\"><strong>Empresa\/Organizaci\u00f3n<\/strong><\/td>\n<td style=\"text-align: center; width: 30%;\"><strong>\u00c1rea<\/strong><\/td>\n<\/tr>\n<tr style=\"height: 30px;\">\n<td style=\"text-align: center;\">02:00 &#8211; 02:20<\/td>\n<td style=\"text-align: center;\"><a href=\"http:\/\/www.softwarecriollo.com\" target=\"_blank\">Software Criollo<\/a><\/td>\n<td style=\"text-align: center;\">Redacci\u00f3n de CV<\/td>\n<\/tr>\n<tr style=\"height: 30px;\">\n<td style=\"text-align: center;\">02:20 &#8211; 02:40<\/td>\n<td style=\"text-align: center;\"><a href=\"http:\/\/www.miprofit.com\" target=\"_blank\">Softech Consultores<\/a><\/td>\n<td style=\"text-align: center;\">Consultor\u00eda Technol\u00f3gica<\/td>\n<\/tr>\n<tr style=\"height: 30px;\">\n<td style=\"text-align: center;\">02:40 &#8211; 03:00<\/td>\n<td style=\"text-align: center;\"><a href=\"http:\/\/www.bcv.org.ve\" target=\"_blank\">Banco Central de Venezuela<\/a><\/td>\n<td style=\"text-align: center;\">Servicios Bancarios<\/td>\n<tr style=\"height: 30px;\">\n<td style=\"text-align: center;\">03:15 &#8211; 03:35<\/td>\n<td style=\"text-align: center;\"><a href=\"http:\/\/www.cgtscorp.com\" target=\"_blank\">CGTS Servicios<\/a><\/td>\n<td style=\"text-align: center;\">Desarrollo de Software<\/td>\n<\/tr>\n<tr style=\"height: 30px;\">\n<td style=\"text-align: center;\">03:35 &#8211; 03:55<\/td>\n<td style=\"text-align: center;\"> &#8212; <\/td>\n<td style=\"text-align: center;\">  &#8212; <\/td>\n<tr style=\"height: 30px;\">\n<td style=\"text-align: center;\">03:55 &#8211; 04:15<\/td>\n<td style=\"text-align: center;\"><a href=\"http:\/\/www.ucv.ve\/organizacion\/secretaria-general\/coordinacion-de-la-secretaria-general\/direccion-de-organizacion-de-bienestar-estudiantil-obe.html\" target=\"_blank\">Organizaci\u00f3n de Bienestar Estudiantil<\/a><\/td>\n<td style=\"text-align: center;\">Servicios Estudiantiles<\/td>\n<\/tr>\n<tr><\/tr>\n<\/tbody>\n<\/table>\n<p>&nbsp;<br \/>\n&nbsp;<\/p>\n<p><span style=\"display: block; font-size: 20px; padding: 10px; margin-left: 0; -webkit-border-radius: 4px; border-radius: 4px; color: white; text-shadow: 0 -1px 0 rgba(0, 0, 0, 0.25); background-color: #22b04b; background-image: -moz-linear-gradient(top, #22b04b, #22b04b);\">Patrocinadores<\/span><\/p>\n<p><img decoding=\"async\" style=\"border: none; background-color: #ffffff; display: block; margin-left: auto; margin-right: auto;\" src=\"http:\/\/www.sctc.org.ve\/2016\/wp-content\/uploads\/sites\/2\/2016\/05\/logos-patrocinadores-v1.5.png\" alt=\"\" width=\"600\" \/><\/p>\n","protected":false},"excerpt":{"rendered":"<p>Informaci\u00f3n Feria del Empleo<\/p>\n<p>El objetivo de la Feria del Empleo es poner en contacto talentos en computaci\u00f3n con empresas en b\u00fasqueda de servicios o de personal en el \u00e1rea. La feria tendr\u00e1 lugar en los espacios de la Escuela de Computaci\u00f3n, el d\u00eda martes 10 de mayo de 2016 de 02:00 a 06:00 PM. [&#8230;]<\/p>\n","protected":false},"author":1,"featured_media":0,"parent":0,"menu_order":0,"comment_status":"closed","ping_status":"closed","template":"","meta":{"footnotes":""},"class_list":["post-650","page","type-page","status-publish","hentry","odd"],"_links":{"self":[{"href":"https:\/\/sctc.org.ve\/2016\/wp-json\/wp\/v2\/pages\/650","targetHints":{"allow":["GET"]}}],"collection":[{"href":"https:\/\/sctc.org.ve\/2016\/wp-json\/wp\/v2\/pages"}],"about":[{"href":"https:\/\/sctc.org.ve\/2016\/wp-json\/wp\/v2\/types\/page"}],"author":[{"embeddable":true,"href":"https:\/\/sctc.org.ve\/2016\/wp-json\/wp\/v2\/users\/1"}],"replies":[{"embeddable":true,"href":"https:\/\/sctc.org.ve\/2016\/wp-json\/wp\/v2\/comments?post=650"}],"version-history":[{"count":18,"href":"https:\/\/sctc.org.ve\/2016\/wp-json\/wp\/v2\/pages\/650\/revisions"}],"predecessor-version":[{"id":684,"href":"https:\/\/sctc.org.ve\/2016\/wp-json\/wp\/v2\/pages\/650\/revisions\/684"}],"wp:attachment":[{"href":"https:\/\/sctc.org.ve\/2016\/wp-json\/wp\/v2\/media?parent=650"}],"curies":[{"name":"wp","href":"https:\/\/api.w.org\/{rel}","templated":true}]}}

<p><span style="display: block; font-size: 20px; padding: 10px; margin-left: 0; -webkit-border-radius: 4px; border-radius: 4px; color: white; text-shadow: 0 -1px 0 rgba(0, 0, 0, 0.25); background-color: #22b04b; background-image: -moz-linear-gradient(top, #22b04b, #22b04b);">Información Feria del Empleo</span></p>
<p>El objetivo de la Feria del Empleo es poner en contacto talentos en computación con empresas en búsqueda de servicios o de personal en el área. La feria tendrá lugar en los espacios de la Escuela de Computación, el día <strong>martes 10 de mayo de 2016</strong> de <strong>02:00 a 06:00 PM</strong>. Como cualquier otra actividad relacionada con el SCTC 2016, la Feria del Empleo no tiene ningún costo para los participantes. Están todos bienvenidos.<br />
&nbsp;<br />
&nbsp;</p>
<p><span style="display: block; font-size: 20px; padding: 10px; margin-left: 0; -webkit-border-radius: 4px; border-radius: 4px; color: white; text-shadow: 0 -1px 0 rgba(0, 0, 0, 0.25); background-color: #22b04b; background-image: -moz-linear-gradient(top, #22b04b, #22b04b);">Presentaciones Feria del Empleo</span></p>
<p>A continuación, encontrarán el programa de presentaciones de nuestros patrocinadores dentro del marco de la Feria del Empleo. Cada empresa/organización contará con 10 minutos de presentación, seguida por una sesión de preguntas de 5 minutos. Note que este programa está aún sujeto a cambios.<br />
&nbsp;</p>
<table style="margin: 0px auto; width: 100%;" border="0">
<tbody>
<tr style="height: 30px;">
<td style="text-align: center; width: 20%;"><strong>Hora</strong></td>
<td style="text-align: center; width: 50%;"><strong>Empresa/Organización</strong></td>
<td style="text-align: center; width: 30%;"><strong>Área</strong></td>
</tr>
<tr style="height: 30px;">
<td style="text-align: center;">02:00 &#8211; 02:20</td>
<td style="text-align: center;"><a href="http://www.softwarecriollo.com" target="_blank">Software Criollo</a></td>
<td style="text-align: center;">Redacción de CV</td>
</tr>
<tr style="height: 30px;">
<td style="text-align: center;">02:20 &#8211; 02:40</td>
<td style="text-align: center;"><a href="http://www.miprofit.com" target="_blank">Softech Consultores</a></td>
<td style="text-align: center;">Consultoría Technológica</td>
</tr>
<tr style="height: 30px;">
<td style="text-align: center;">02:40 &#8211; 03:00</td>
<td style="text-align: center;"><a href="http://www.bcv.org.ve" target="_blank">Banco Central de Venezuela</a></td>
<td style="text-align: center;">Servicios Bancarios</td>
<tr style="height: 30px;">
<td style="text-align: center;">03:15 &#8211; 03:35</td>
<td style="text-align: center;"><a href="http://www.cgtscorp.com" target="_blank">CGTS Servicios</a></td>
<td style="text-align: center;">Desarrollo de Software</td>
</tr>
<tr style="height: 30px;">
<td style="text-align: center;">03:35 &#8211; 03:55</td>
<td style="text-align: center;"> &#8212; </td>
<td style="text-align: center;">  &#8212; </td>
<tr style="height: 30px;">
<td style="text-align: center;">03:55 &#8211; 04:15</td>
<td style="text-align: center;"><a href="http://www.ucv.ve/organizacion/secretaria-general/coordinacion-de-la-secretaria-general/direccion-de-organizacion-de-bienestar-estudiantil-obe.html" target="_blank">Organización de Bienestar Estudiantil</a></td>
<td style="text-align: center;">Servicios Estudiantiles</td>
</tr>
<tr></tr>
</tbody>
</table>
<p>&nbsp;<br />
&nbsp;</p>
<p><span style="display: block; font-size: 20px; padding: 10px; margin-left: 0; -webkit-border-radius: 4px; border-radius: 4px; color: white; text-shadow: 0 -1px 0 rgba(0, 0, 0, 0.25); background-color: #22b04b; background-image: -moz-linear-gradient(top, #22b04b, #22b04b);">Patrocinadores</span></p>
<p><img decoding="async" style="border: none; background-color: #ffffff; display: block; margin-left: auto; margin-right: auto;" src="http://www.sctc.org.ve/2016/wp-content/uploads/sites/2/2016/05/logos-patrocinadores-v1.5.png" alt="" width="600" /></p>

<p>Información Feria del Empleo</p>
<p>El objetivo de la Feria del Empleo es poner en contacto talentos en computación con empresas en búsqueda de servicios o de personal en el área. La feria tendrá lugar en los espacios de la Escuela de Computación, el día martes 10 de mayo de 2016 de 02:00 a 06:00 PM. [&#8230;]</p>
