{"id":72,"date":"2015-09-20T23:37:48","date_gmt":"2015-09-20T23:37:48","guid":{"rendered":"http:\/\/www.sctc.org.ve\/2016\/?page_id=72"},"modified":"2015-09-20T23:41:33","modified_gmt":"2015-09-20T23:41:33","slug":"contacto","status":"publish","type":"page","link":"https:\/\/sctc.org.ve\/2016\/contacto\/","title":{"rendered":"Contacto"},"content":{"rendered":"<p><span style=\"display: block; font-size: 20px; padding: 10px; margin-left: 0; -webkit-border-radius: 4px; border-radius: 4px; color: white; text-shadow: 0 -1px 0 rgba(0, 0, 0, 0.25); background-color: #22b04b; background-image: -moz-linear-gradient(top, #22b04b, #22b04b);\">Contacto<\/span><\/p>\n<p>Si tiene problemas con EasyChair, contactar a:<br \/>\n<a href=\"mailto: sctc2016@easychair.org\">sctc2016@easychair.org<\/a><\/p>\n<p>Para informaci\u00f3n general, contactar a:<br \/>\n<a href=\"mailto: info@sctc.org.ve\">info@sctc.org.ve<\/a><br \/>\n&nbsp;<\/p>\n<p><strong>Nuesta direcci\u00f3n de correo postal es:<\/strong><br \/>\nComit\u00e9 Organizador del SCTC 2016<br \/>\nEscuela de Computaci\u00f3n<br \/>\nUniversidad Central de Venezuela<br \/>\nLos Chaguaramos, Caracas 1040<br \/>\nVenezuela<\/p>\n","protected":false},"excerpt":{"rendered":"<p>Contacto<\/p>\n<p>Si tiene problemas con EasyChair, contactar a: sctc2016@easychair.org<\/p>\n<p>Para informaci\u00f3n general, contactar a: info@sctc.org.ve &nbsp;<\/p>\n<p>Nuesta direcci\u00f3n de correo postal es: Comit\u00e9 Organizador del SCTC 2016 Escuela de Computaci\u00f3n Universidad Central de Venezuela Los Chaguaramos, Caracas 1040 Venezuela<\/p>\n<p> [&#8230;]<\/p>\n","protected":false},"author":1,"featured_media":0,"parent":0,"menu_order":0,"comment_status":"closed","ping_status":"closed","template":"","meta":{"footnotes":""},"class_list":["post-72","page","type-page","status-publish","hentry","odd"],"_links":{"self":[{"href":"https:\/\/sctc.org.ve\/2016\/wp-json\/wp\/v2\/pages\/72","targetHints":{"allow":["GET"]}}],"collection":[{"href":"https:\/\/sctc.org.ve\/2016\/wp-json\/wp\/v2\/pages"}],"about":[{"href":"https:\/\/sctc.org.ve\/2016\/wp-json\/wp\/v2\/types\/page"}],"author":[{"embeddable":true,"href":"https:\/\/sctc.org.ve\/2016\/wp-json\/wp\/v2\/users\/1"}],"replies":[{"embeddable":true,"href":"https:\/\/sctc.org.ve\/2016\/wp-json\/wp\/v2\/comments?post=72"}],"version-history":[{"count":5,"href":"https:\/\/sctc.org.ve\/2016\/wp-json\/wp\/v2\/pages\/72\/revisions"}],"predecessor-version":[{"id":77,"href":"https:\/\/sctc.org.ve\/2016\/wp-json\/wp\/v2\/pages\/72\/revisions\/77"}],"wp:attachment":[{"href":"https:\/\/sctc.org.ve\/2016\/wp-json\/wp\/v2\/media?parent=72"}],"curies":[{"name":"wp","href":"https:\/\/api.w.org\/{rel}","templated":true}]}}