{"id":2,"date":"2020-06-04T23:12:38","date_gmt":"2020-06-04T23:12:38","guid":{"rendered":"http:\/\/www.sctc.org.ve\/2020\/?page_id=2"},"modified":"2020-10-08T16:14:40","modified_gmt":"2020-10-08T16:14:40","slug":"inicio","status":"publish","type":"page","link":"https:\/\/sctc.org.ve\/2020\/","title":{"rendered":"Inicio"},"content":{"rendered":"<p><span style=\"display: block; font-size: 20px; padding: 7px; margin-left: 0pt; -webkit-border-radius: 4px; border-radius: 4px; color: white; text-shadow: 3px 3px black; background-image: linear-gradient(135deg, #16a1e7, #16a1e7, #16a1e7, #16a1e7, #101112, #0d5995, #063358, #1574c4, #8b267b, #8b267b, #22b04b, #22b04b, #22b04b);\">SCTC 2020<\/span><\/p>\n<p><font color=\"WHITE\"><marquee direction=\"left\" size=\"10\" face=\"Trebuchet MS\" style=\"background:#E62020\">Debido a la pandemia del COVID-19, SCTC\/EVI\/CoNCISa 2020 ser\u00e1n eventos totalmente virtuales<\/marquee><\/font><\/p>\n<p>El SCTC 2020 es el quinto Simposio Cient\u00edfico y Tecnol\u00f3gico en Computaci\u00f3n. Es un evento que se realizar\u00e1 en la <a href=\"http:\/\/computacion.ciens.ucv.ve\" target=\"_blank\" rel=\"noopener noreferrer\">Escuela de Computaci\u00f3n<\/a> de la <a href=\"http:\/\/www.ucv.ve\" target=\"_blank\" rel=\"noopener noreferrer\">Universidad Central de Venezuela<\/a>, del 9 al 13 de noviembre de 2020, conjuntamente con <a href=\"http:\/\/www.concisa.net.ve\/2020\/concisa-info\" target=\"_blank\" rel=\"noopener noreferrer\">CoNCISa 2020<\/a> (Conferencia Nacional en Computaci\u00f3n, Inform\u00e1tica y Sistemas) y <a href=\"http:\/\/www.concisa.net.ve\/2020\/evi-info\" target=\"_blank\" rel=\"noopener noreferrer\">EVI 2020<\/a> (Escuela Venezolana de Inform\u00e1tica). El SCTC es un evento bienal cuya finalidad es consolidar el intercambio sobre experiencias investigativas, acad\u00e9micas y tecnol\u00f3gicas, para crear lazos estrechos de cooperaci\u00f3n a nivel nacional e internacional. Este evento se llevar\u00e1 a cabo en el marco de la Convenci\u00f3n Anual de la Asociaci\u00f3n Venezolana para el Avance de la Ciencia (<a href=\"https:\/\/www.asovac.org\" target=\"_blank\" rel=\"noopener noreferrer\">AsoVAC 2020<\/a>).<\/p>\n<p>Adem\u00e1s de las tradicionales ponencias de trabajos de investigaci\u00f3n, el SCTC 2020 ofrecer\u00e1 conferencias plenarias, talleres y tutoriales, y una feria del empleo, entre otras actividades.<\/p>\n<p>Fiel a la filosof\u00eda que ha animado el SCTC desde hace varios a\u00f1os, todas las actividades relacionadas con el SCTC 2020 son ofrecidas sin costo para el p\u00fablico, ya que para los organizadores del SCTC, es primordial que la transferencia del conocimiento sea libre y se haga sin costo. Eso es, no hay costo para los autores de contribuciones aceptadas, no hay costo para el p\u00fablico que asistir\u00e1 a la feria del trabajo, no hay costo para los asistentes a las ponencias, a las conferencias plenarias, a los talleres, ni a los tutoriales. <b>Bienvenidos a todos al SCTC 2020<\/b>.<\/p>\n<p><span style=\"display: block; font-size: 20px; padding: 7px; margin-left: 0pt; -webkit-border-radius: 4px; border-radius: 4px; color: white; text-shadow: 3px 3px black; background-image: linear-gradient(135deg, #16a1e7, #16a1e7, #16a1e7, #16a1e7, #101112, #0d5995, #063358, #1574c4, #8b267b, #8b267b, #22b04b, #22b04b, #22b04b);\">Patrocinadores<\/span><\/p>\n<p>La Escuela de Computaci\u00f3n de la UCV est\u00e1 en la b\u00fasqueda de patrocinadores para la realizaci\u00f3n del V Simposio Cient\u00edfico y Tecnol\u00f3gico en Computaci\u00f3n (SCTC 2020). Para mayor informaci\u00f3n, haga clic <a href=\"http:\/\/www.sctc.org.ve\/2020\/patrocinadores\">aqu\u00ed<\/a>.<\/p>\n","protected":false},"excerpt":{"rendered":"<p>SCTC 2020 Debido a la pandemia del COVID-19, SCTC\/EVI\/CoNCISa 2020 ser\u00e1n eventos totalmente virtuales El SCTC 2020 es el quinto Simposio Cient\u00edfico y Tecnol\u00f3gico en Computaci\u00f3n. Es un evento que se realizar\u00e1 en la Escuela de Computaci\u00f3n de la Universidad Central de Venezuela, del 9 al 13 de noviembre de 2020, conjuntamente con CoNCISa 2020\u2026 <span class=\"read-more\"><a href=\"https:\/\/sctc.org.ve\/2020\/\">Read More &raquo;<\/a><\/span><\/p>\n","protected":false},"author":1,"featured_media":0,"parent":0,"menu_order":0,"comment_status":"closed","ping_status":"open","template":"","meta":{"footnotes":""},"class_list":["post-2","page","type-page","status-publish","hentry"],"_links":{"self":[{"href":"https:\/\/sctc.org.ve\/2020\/wp-json\/wp\/v2\/pages\/2","targetHints":{"allow":["GET"]}}],"collection":[{"href":"https:\/\/sctc.org.ve\/2020\/wp-json\/wp\/v2\/pages"}],"about":[{"href":"https:\/\/sctc.org.ve\/2020\/wp-json\/wp\/v2\/types\/page"}],"author":[{"embeddable":true,"href":"https:\/\/sctc.org.ve\/2020\/wp-json\/wp\/v2\/users\/1"}],"replies":[{"embeddable":true,"href":"https:\/\/sctc.org.ve\/2020\/wp-json\/wp\/v2\/comments?post=2"}],"version-history":[{"count":63,"href":"https:\/\/sctc.org.ve\/2020\/wp-json\/wp\/v2\/pages\/2\/revisions"}],"predecessor-version":[{"id":406,"href":"https:\/\/sctc.org.ve\/2020\/wp-json\/wp\/v2\/pages\/2\/revisions\/406"}],"wp:attachment":[{"href":"https:\/\/sctc.org.ve\/2020\/wp-json\/wp\/v2\/media?parent=2"}],"curies":[{"name":"wp","href":"https:\/\/api.w.org\/{rel}","templated":true}]}}