{"id":45,"date":"2024-01-21T02:38:50","date_gmt":"2024-01-21T02:38:50","guid":{"rendered":"https:\/\/sctc.org.ve\/2024\/?page_id=45"},"modified":"2024-03-17T21:20:29","modified_gmt":"2024-03-17T21:20:29","slug":"comite-de-programa","status":"publish","type":"page","link":"https:\/\/sctc.org.ve\/2024\/comite-de-programa\/","title":{"rendered":"Comit\u00e9 de Programa"},"content":{"rendered":"<p style=\"font-size: 22px;font-weight: bold;padding: 7px;margin-left: 0pt;border-radius: 10px;color: white;background-image: linear-gradient(90deg, #8b267b, #16a1e7, #22b04b)\">Comit\u00e9 de Programa<\/p>\n<p>&nbsp;<\/p>\n<h5>Presidente del Comit\u00e9 de Programa<\/h5>\n\n<table id=\"tablepress-4\" class=\"tablepress tablepress-id-4\">\n<tbody class=\"row-hover\">\n<tr class=\"row-1 odd\">\n\t<td class=\"column-1\"><td style=\"text-align: left\">Luis Manuel Hernandez<\/td><\/td><td class=\"column-2\"><td style=\"text-align: right\">Universidad Central de Venezuela \u2013 Venezuela<\/td><\/td><td class=\"column-3\"><\/td><td class=\"column-4\"><\/td><td class=\"column-5\"><\/td>\n<\/tr>\n<\/tbody>\n<\/table>\n<!-- #tablepress-4 from cache -->\n<h5>Miembros del Comit\u00e9 de Programa<\/h5>\n\n<table id=\"tablepress-2\" class=\"tablepress tablepress-id-2\">\n<tbody class=\"row-hover\">\n<tr class=\"row-1 odd\">\n\t<td class=\"column-1\"><td style=\"text-align: left\">Yusneyi Carballo<\/td><\/td><td class=\"column-2\"><td style=\"text-align: right\">Universidad Central de Venezuela \u2013 Venezuela<\/td><\/td><td class=\"column-3\"><\/td><td class=\"column-4\"><\/td><td class=\"column-5\"><\/td>\n<\/tr>\n<tr class=\"row-2 even\">\n\t<td class=\"column-1\"><td style=\"text-align: left\">Rhadames Carmona<\/td><\/td><td class=\"column-2\"><td style=\"text-align: right\">Universidad Central de Venezuela \u2013 Venezuela<\/td><\/td><td class=\"column-3\"><\/td><td class=\"column-4\"><\/td><td class=\"column-5\"><\/td>\n<\/tr>\n<tr class=\"row-3 odd\">\n\t<td class=\"column-1\"><td style=\"text-align: left\">Cesar Collazos<\/td><\/td><td class=\"column-2\"><td style=\"text-align: right\">Universidad del Cauca \u2013 Colombia<\/td><\/td><td class=\"column-3\"><\/td><td class=\"column-4\"><\/td><td class=\"column-5\"><\/td>\n<\/tr>\n<tr class=\"row-4 even\">\n\t<td class=\"column-1\"><td style=\"text-align: left\">Ismar Frango<\/td><\/td><td class=\"column-2\"><td style=\"text-align: right\">Universidad de Sao Paulo \u2013 Brasil<\/td><\/td><td class=\"column-3\"><\/td><td class=\"column-4\"><\/td><td class=\"column-5\"><\/td>\n<\/tr>\n<tr class=\"row-5 odd\">\n\t<td class=\"column-1\"><td style=\"text-align: left\">Eric Gamess<\/td><\/td><td class=\"column-2\"><td style=\"text-align: right\">Jacksonville State University \u2013 USA<\/td><\/td><td class=\"column-3\"><\/td><td class=\"column-4\"><\/td><td class=\"column-5\"><\/td>\n<\/tr>\n<tr class=\"row-6 even\">\n\t<td class=\"column-1\"><td style=\"text-align: left\">Marlene Goncalves<\/td><\/td><td class=\"column-2\"><td style=\"text-align: right\">Universidad Sim\u00f3n Bol\u00edvar \u2013 Venezuela<\/td><\/td><td class=\"column-3\"><\/td><td class=\"column-4\"><\/td><td class=\"column-5\"><\/td>\n<\/tr>\n<tr class=\"row-7 odd\">\n\t<td class=\"column-1\"><td style=\"text-align: left\">Yosly Hern\u00e1ndez<\/td><\/td><td class=\"column-2\"><td style=\"text-align: right\">Universidad Central de Venezuela \u2013 Venezuela<\/td><\/td><td class=\"column-3\"><\/td><td class=\"column-4\"><\/td><td class=\"column-5\"><\/td>\n<\/tr>\n<tr class=\"row-8 even\">\n\t<td class=\"column-1\"><td style=\"text-align: left\">Amadis Martinez<\/td><\/td><td class=\"column-2\"><td style=\"text-align: right\">Universidad de Carabobo \u2013 Venezuela<\/td><\/td><td class=\"column-3\"><\/td><td class=\"column-4\"><\/td><td class=\"column-5\"><\/td>\n<\/tr>\n<tr class=\"row-9 odd\">\n\t<td class=\"column-1\"><td style=\"text-align: left\">Nora Monta\u00f1o<\/td><\/td><td class=\"column-2\"><td style=\"text-align: right\">Universidad Central de Venezuela \u2013 Venezuela<\/td><\/td><td class=\"column-3\"><\/td><td class=\"column-4\"><\/td><td class=\"column-5\"><\/td>\n<\/tr>\n<tr class=\"row-10 even\">\n\t<td class=\"column-1\"><td style=\"text-align: left\">Ana Morales<\/td><\/td><td class=\"column-2\"><td style=\"text-align: right\">Universidad Central de Venezuela \u2013 Venezuela<\/td><\/td><td class=\"column-3\"><\/td><td class=\"column-4\"><\/td><td class=\"column-5\"><\/td>\n<\/tr>\n<tr class=\"row-11 odd\">\n\t<td class=\"column-1\"><td style=\"text-align: left\">Wilmer Pereira<\/td><\/td><td class=\"column-2\"><td style=\"text-align: right\">Instituto Tecnol\u00f3gico Aut\u00f3nomo de M\u00e9xico \u2013 M\u00e9xico<\/td><\/td><td class=\"column-3\"><\/td><td class=\"column-4\"><\/td><td class=\"column-5\"><\/td>\n<\/tr>\n<tr class=\"row-12 even\">\n\t<td class=\"column-1\"><td style=\"text-align: left\">Andr\u00e9s Sanoja<\/td><\/td><td class=\"column-2\"><td style=\"text-align: right\">Universidad Central de Venezuela \u2013 Venezuela<\/td><\/td><td class=\"column-3\"><\/td><td class=\"column-4\"><\/td><td class=\"column-5\"><\/td>\n<\/tr>\n<tr class=\"row-13 odd\">\n\t<td class=\"column-1\"><td style=\"text-align: left\">Eugenio Scalise<\/td><\/td><td class=\"column-2\"><td style=\"text-align: right\">Universidad Central de Venezuela \u2013 Venezuela<\/td><\/td><td class=\"column-3\"><\/td><td class=\"column-4\"><\/td><td class=\"column-5\"><\/td>\n<\/tr>\n<tr class=\"row-14 even\">\n\t<td class=\"column-1\"><td style=\"text-align: left\">Jose Texier<\/td><\/td><td class=\"column-2\"><td style=\"text-align: right\">LACCEI \u2013 USA<\/td><\/td><td class=\"column-3\"><\/td><td class=\"column-4\"><\/td><td class=\"column-5\"><\/td>\n<\/tr>\n<\/tbody>\n<\/table>\n<!-- #tablepress-2 from cache -->\n","protected":false},"excerpt":{"rendered":"<p>Comit\u00e9 de Programa &nbsp; Presidente del Comit\u00e9 de Programa Miembros del Comit\u00e9 de Programa<\/p>\n","protected":false},"author":1,"featured_media":0,"parent":0,"menu_order":0,"comment_status":"closed","ping_status":"closed","template":"","meta":{"footnotes":""},"class_list":["post-45","page","type-page","status-publish","hentry"],"_links":{"self":[{"href":"https:\/\/sctc.org.ve\/2024\/wp-json\/wp\/v2\/pages\/45","targetHints":{"allow":["GET"]}}],"collection":[{"href":"https:\/\/sctc.org.ve\/2024\/wp-json\/wp\/v2\/pages"}],"about":[{"href":"https:\/\/sctc.org.ve\/2024\/wp-json\/wp\/v2\/types\/page"}],"author":[{"embeddable":true,"href":"https:\/\/sctc.org.ve\/2024\/wp-json\/wp\/v2\/users\/1"}],"replies":[{"embeddable":true,"href":"https:\/\/sctc.org.ve\/2024\/wp-json\/wp\/v2\/comments?post=45"}],"version-history":[{"count":14,"href":"https:\/\/sctc.org.ve\/2024\/wp-json\/wp\/v2\/pages\/45\/revisions"}],"predecessor-version":[{"id":232,"href":"https:\/\/sctc.org.ve\/2024\/wp-json\/wp\/v2\/pages\/45\/revisions\/232"}],"wp:attachment":[{"href":"https:\/\/sctc.org.ve\/2024\/wp-json\/wp\/v2\/media?parent=45"}],"curies":[{"name":"wp","href":"https:\/\/api.w.org\/{rel}","templated":true}]}}